{"id":13363,"date":"2018-06-04T00:52:12","date_gmt":"2018-06-03T22:52:12","guid":{"rendered":"http:\/\/dj-dancer.at\/?page_id=13363"},"modified":"2018-06-04T00:52:28","modified_gmt":"2018-06-03T22:52:28","slug":"datenschutzbestimmungen","status":"publish","type":"page","link":"https:\/\/dj-dancer.at\/index.php\/datenschutzbestimmungen\/","title":{"rendered":"Datenschutzbestimmungen"},"content":{"rendered":"<div style=\"background-repeat: no-repeat;\"><p><strong>HINWEISPFLICHT<\/strong><\/p>\n<p>&nbsp;<\/p>\n<p>Der Schutz Ihrer pers\u00f6nlichen Daten ist uns ein besonders Anliegen. Wir verwenden Ihre Daten daher ausschlie\u00dflich auf Grundlage der gesetzlichen Bestimmungen (DSGVO) und informieren Sie im Rahmen unserer Webseite \u00fcber die wesentlichen Aspekte der Datenverarbeitung.<\/p>\n<p>&nbsp;<\/p>\n<p><strong>KONTAKT<\/strong><\/p>\n<p>&nbsp;<\/p>\n<p>Wenn \u00a0Sie per\u00a0 Formular auf der Webseite, per\u00a0 Email, Facebook, anderen \u00a0sozialen Medien, telefonisch oder m\u00fcndlich mit uns Kontakt aufnehmen und Interesse an unseren Veranstaltungen, Tanzbegleitungen und Aktivit\u00e4ten bekunden bzw. sich dazu anmelden, erteilen Sie uns damit Ihre unmissverst\u00e4ndliche Zustimmung zur Verwendung und Bearbeitung Ihrer Daten. Ihre Zustimmung k\u00f6nnen Sie uns ggf. auch schriftlich (Formular) bei unseren stattfindenden Kursen erteilen. Sie stimmen auch zu, dass unsere Webseite Cookies f\u00fcr Analysen und personalisierten Inhalt verwendet.<\/p>\n<p>&nbsp;<\/p>\n<p><strong>Z<\/strong><strong>W<\/strong><strong>E<\/strong><strong>C<\/strong><strong>K<\/strong><\/p>\n<p>&nbsp;<\/p>\n<p>Ihre uns freiwillig bekannt gegebenen Daten (Vorname, Nachname, Tel. Nr., Mailadresse) dienen ausschlie\u00dflich dem Zweck der Anmeldung zu einem der ausgeschriebenen Veranstaltungen, Tanzbegleitungen und Aktivit\u00e4ten, deren organisatorischen Abwicklung und zu Ihrer pers\u00f6nlichen dringlichen Information wie z.B. bei Kursausfall, Termin\u00e4nderung, Erkrankung o.\u00e4. im jeweiligen Kurszeitraum.<\/p>\n<p>&nbsp;<\/p>\n<p><strong>DATENSPEICHERUNG<\/strong><\/p>\n<p>&nbsp;<\/p>\n<p>Die von Ihnen bereit gestellten Daten werden vertraulich behandelt, weder an Dritte (ausgenommen bei ggf. gesetzlicher Verpflichtung oder zwecks buchhalterischer Notwendigkeit) weitergegeben noch f\u00fcr irgendwelche anderen Zwecke wie f\u00fcr eine Weiterverarbeitung durch externe Auftragnehmer verwendet. Ihre Daten bleiben im aktuellen Veranstaltungszeitraum sowie f\u00fcr den Fall von Anschlussveranstaltungen bis auf Widerruf gespeichert.<\/p>\n<p>&nbsp;<\/p>\n<p><strong>DATENSICHERHEIT<\/strong><\/p>\n<p>&nbsp;<\/p>\n<p>Ihre Angaben werden gegen Datenmissbrauch und unbefugten Zugriff technisch und physisch entsprechend gesichert.<\/p>\n<p>&nbsp;<\/p>\n<p><strong>L<\/strong><strong>I<\/strong><strong>NK<\/strong><strong>S AUF INTERNETSEITEN ANDERER UNTERNEHMEN<\/strong><\/p>\n<p>&nbsp;<\/p>\n<p>Unsere Website kann Links auf Internet-Seiten anderer Unternehmen enthalten. Wir sind nicht verantwortlich f\u00fcr die Datenschutzvorkehrungen auf externen Webseiten, die Sie \u00fcber diese Links erreichen k\u00f6nnen. Bitte informieren Sie sich dort \u00fcber den Datenschutz dieser externen Webseiten.<\/p>\n<p>&nbsp;<\/p>\n<p><strong>NEWSLETTER<\/strong><\/p>\n<p>&nbsp;<\/p>\n<p>Wir \u00a0wollen \u00a0Sie \u00a0informieren \u00a0aber\u00a0 nicht \u00a0bel\u00e4stigen. Falls \u00a0von \u00a0uns angeboten, haben \u00a0Sie \u00a0die M\u00f6glichkeit bis auf Widerruf per E-Mail Informationen \u00fcber ausgeschriebene Veranstaltungen, Tanzbegleitungen und kommende Angebote zu erhalten.<\/p>\n<p>&nbsp;<\/p>\n<p><strong>IHRE RECHTE<\/strong><\/p>\n<p>&nbsp;<\/p>\n<p>Sie haben das Recht auf Auskunft, Berichtigung, Einschr\u00e4nkung oder L\u00f6schung Ihrer Daten bzw. k\u00f6nnen Ihre Zustimmung zu deren Verwendung jederzeit ohne Angabe von Gr\u00fcnden widerrufen. Beachten Sie bitte auch unsere allgemeinen Gesch\u00e4ftsbedingungen (AGB) und den darin enthalten Hinweis auf den Datenschutz.<\/p>\n<p>&nbsp;<\/p>\n<p><strong>E<\/strong><strong>RR<\/strong><strong>E<\/strong><strong>I<\/strong><strong>CHBAR<\/strong><strong>K<\/strong><strong>E<\/strong><strong>I<\/strong><strong>T<\/strong><\/p>\n<p>&nbsp;<\/p>\n<p>Verantwortlicher:<\/p>\n<p>Rono ALAM<br \/>\nLechnerstrasse 1-5\/6\/6<br \/>\nA\u20131030 Wien<\/p>\n<p>Handy.: + 43 650 255 98 91<br \/>\n&nbsp;<\/p>\n<p>&nbsp;<\/p>\n<p>&nbsp;<\/p>\n<p>&nbsp;<\/p>\n<\/div>","protected":false},"excerpt":{"rendered":"<p>HINWEISPFLICHT &nbsp; Der Schutz Ihrer pers\u00f6nlichen Daten ist uns ein besonders Anliegen. Wir verwenden Ihre Daten daher ausschlie\u00dflich auf Grundlage der gesetzlichen Bestimmungen (DSGVO) und informieren Sie im Rahmen unserer Webseite \u00fcber die wesentlichen Aspekte der Datenverarbeitung. &nbsp; KONTAKT &nbsp; &hellip; <a href=\"https:\/\/dj-dancer.at\/index.php\/datenschutzbestimmungen\/\">Continue reading <span class=\"meta-nav\">&rarr;<\/span><\/a><\/p>\n","protected":false},"author":2,"featured_media":0,"parent":0,"menu_order":0,"comment_status":"closed","ping_status":"closed","template":"","meta":{"_monsterinsights_skip_tracking":false,"_monsterinsights_sitenote_active":false,"_monsterinsights_sitenote_note":"","_monsterinsights_sitenote_category":0,"footnotes":""},"class_list":["post-13363","page","type-page","status-publish","hentry"],"_links":{"self":[{"href":"https:\/\/dj-dancer.at\/index.php\/wp-json\/wp\/v2\/pages\/13363","targetHints":{"allow":["GET"]}}],"collection":[{"href":"https:\/\/dj-dancer.at\/index.php\/wp-json\/wp\/v2\/pages"}],"about":[{"href":"https:\/\/dj-dancer.at\/index.php\/wp-json\/wp\/v2\/types\/page"}],"author":[{"embeddable":true,"href":"https:\/\/dj-dancer.at\/index.php\/wp-json\/wp\/v2\/users\/2"}],"replies":[{"embeddable":true,"href":"https:\/\/dj-dancer.at\/index.php\/wp-json\/wp\/v2\/comments?post=13363"}],"version-history":[{"count":3,"href":"https:\/\/dj-dancer.at\/index.php\/wp-json\/wp\/v2\/pages\/13363\/revisions"}],"predecessor-version":[{"id":13957,"href":"https:\/\/dj-dancer.at\/index.php\/wp-json\/wp\/v2\/pages\/13363\/revisions\/13957"}],"wp:attachment":[{"href":"https:\/\/dj-dancer.at\/index.php\/wp-json\/wp\/v2\/media?parent=13363"}],"curies":[{"name":"wp","href":"https:\/\/api.w.org\/{rel}","templated":true}]}}